) in base 15?
-10
What is -6 (base 14) in base 3?
-20
-1 (base 16) to base 6
-1
0 (base 5) to base 11
0
What is 1 (base 6) in base 13?
1
Convert -19 (base 12) to base 5.
-41
What is -3 (base 11) in base 12?
-3
Convert -121 (base 9) to base 10.
-100
What is 24 (base 8) in base 14?
16
1 (base 14) to base 5
1
What is -5 (base 13) in base 5?
-10
127 (base 9) to base 16
6a
Convert 7 (base 16) to base 4.
13
1142 (base 5) to base 13
103
Convert a (base 15) to base 7.
13
Convert 1111 (base 2) to base 9.
16
What is -a (base 16) in base 8?
-12
What is -b (base 14) in base 6?
-15
Convert -311 (base 4) to base 6.
-125
Convert -29 (base 13) to base 5.
-120
Convert -4 (base 16) to base 15.
-4
-1 (base 2) to base 11
-1
Convert -412 (base 6) to base 9.
-178
What is -13 (base 4) in base 12?
-7
0 (base 12) to base 11
0
Convert -10 (base 2) to base 15.
-2
Convert -3 (base 10) to base 12.
-3
Convert -f (base 16) to base 7.
-21
-15 (base 6) to base 3
-102
Convert 102 (base 14) to base 15.
d3
What is -287 (base 10) in base 2?
-100011111
What is -4 (base 11) in base 6?
-4
What is 20 (base 3) in base 12?
6
-14 (base 11) to base 5
-30
What is -1411 (base 5) in base 9?
-276
What is 1 (base 6) in base 12?
1
Convert 10 (base 10) to base 6.
14
What is 1 (base 8) in base 16?
1
What is 0 (base 5) in base 10?
0
Convert 110 (base 3) to base 5.
22
What is 2 (base 16) in base 10?
2
Convert 3 (base 16) to base 10.
3
What is -d2 (base 14) in base 5?
-1214
What is -93 (base 14) in base 10?
-129
4 (base 7) to base 8
4
Convert 30 (base 4) to base 15.
c
Convert 2 (base 5) to base 10.
2
What is 16 (base 7) in base 12?
11
Convert 21 (base 9) to base 16.
13
What is -2 (base 8) in base 7?
-2
-13 (base 9) to base 8
-14
What is 15 (base 9) in base 7?
20
-1 (base 2) to base 5
-1
13 (base 4) to base 14
7
Convert -31 (base 4) to base 3.
-111
Convert 1 (base 15) to base 2.
1
What is b (base 13) in base 10?
11
-d (base 16) to base 2
-1101
What is -22012 (base 3) in base 11?
-191
Convert 4 (base 16) to base 13.
4
2 (base 8) to base 9
2
Convert 310 (base 5) to base 12.
68
Convert 16b (base 13) to base 2.
100000010
0 (base 2) to base 13
0
What is 11001 (base 2) in base 5?
100
Convert -19 (base 10) to base 14.
-15
6 (base 14) to base 7
6
Convert -21 (base 10) to base 5.
-41
410 (base 6) to base 12
106
What is -59 (base 16) in base 4?
-1121
-25 (base 12) to base 3
-1002
-42 (base 7) to base 11
-28
Convert 11 (base 2) to base 4.
3
Convert -312 (base 4) to base 9.
-60
Convert 146 (base 9) to base 14.
8b
Convert 1 (base 16) to base 6.
1
Convert 3 (base 15) to base 10.
3
Convert 223 (base 6) to base 8.
127
Convert 4a (base 13) to base 2.
111110
What is -3 (base 5) in base 15?
-3
24 (base 7) to base 4
102
What is 2 (base 8) in base 11?
2
-49 (base 11) to base 15
-38
-4 (base 5) to base 7
-4
Convert 10 (base 6) to base 10.
6
Convert -47 (base 14) to base 13.
-4b
2221 (base 3) to base 4
1033
1 (base 6) to base 10
1
-1 (base 8) to base 13
-1
What is a (base 14) in base 8?
12
-1 (base 7) to base 16
-1
What is -21 (base 10) in base 7?
-30
24 (base 8) to base 4
110
Convert 23 (base 15) to base 2.
100001
11 (base 8) to base 15
9
What is 3 (base 9) in base 15?
3
Convert b (base 15) to base 2.
1011
Convert 4 (base 14) to base 4.
10
What is -1 (base 9) in base 7?
-1
16 (base 7) to base 3
111
Convert 1220 (base 5) to base 11.
159
Convert 69 (base 14) to base 7.
162
What is -7e (base 15) in base 4?
-1313
-1000 (base 2) to base 6
-12
Convert -122 (base 8) to base 15.
-57
What is 5 (base 14) in base 7?
5
What is 2b (base 12) in base 8?
43
-213 (base 10) to base 15
-e3
4 (base 13) to base 15
4
What is 5 (base 12) in base 10?
5
-5 (base 8) to base 13
-5
What is 124 (base 13) in base 6?
531
Convert 1 (base 11) to base 5.
1
Convert 46 (base 16) to base 5.
240
Convert -65 (base 15) to base 5.
-340
What is 4 (base 14) in base 13?
4
3330 (base 4) to base 11
20a
2c (base 16) to base 5
134
What is 2221 (base 3) in base 2?
1001111
Convert -45 (base 11) to base 4.
-301
d (base 14) to base 15
d
7 (base 8) to base 9
7
10011000 (base 2) to base 13
b9
-b (base 12) to base 3
-102
What is -1 (base 2) in base 6?
-1
-5 (base 12) to base 7
-5
-8 (base 13) to base 7
-11
-1a (base 14) to base 9
-26
Convert 111 (base 2) to base 5.
12
6 (base 16) to base 7
6
0 (base 14) to base 13
0
2 (base 13) to base 11
2
What is 15 (base 7) in base 3?
110
Convert 11 (base 12) to base 9.
14
-3 (base 5) to base 8
-3
79 (base 11) to base 7
152
What is 0 (base 7) in base 3?
0
What is -4 (base 16) in base 12?
-4
1001 (base 2) to base 6
13
4 (base 15) to base 16
4
63 (base 16) to base 13
78
5 (base 9) to base 7
5
What is -1030 (base 4) in base 6?
-204
6 (base 11) to base 4
12
3 (base 6) to base 11
3
65 (base 9) to base 3
2012
36 (base 13) to base 4
231
Convert -4 (base 5) to base 7.
-4
Convert 0 (base 11) to base 2.
0
Convert -2 (base 10) to base 14.
-2
Convert 35 (base 8) to base 4.
131
Convert -e (base 15) to base 11.
-13
-3 (base 5) to base 14
-3
Convert -2 (base 9) to base 15.
-2
What is -20 (base 10) in base 12?
-18
What is 1 (base 2) in base 9?
1
Convert -66 (base 15) to base 4.
-1200
What is -e (base 16) in base 11?
-13
What is -1 (base 13) in base 15?
-1
-3 (base 16) to base 9
-3
-103 (base 4) to base 7
-25
Convert 112 (base 4) to base 7.
31
Convert 2 (base 16) to base 6.
2
Convert 4 (base 15) to base 9.
4
What is -101 (base 7) in base 6?
-122
What is 3 (base 8) in base 6?
3
51 (base 6) to base 2
11111
What is 2 (base 14) in base 4?
2
Convert -304 (base 7) to base 6.
-411
What is -8 (base 13) in base 16?
-8
Convert 132 (base 10) to base 5.
1012
Convert -53 (base 9) to base 14.
-36
What is -4 (base 8) in base 2?
-100
What is -1 (base 10) in base 6?
-1
Convert 5 (base 16) to base 11.
5
Convert -134 (base 7) to base 16.
-4a
Convert 10000 (base 4) to base 10.
256
100 (base 6) to base 2
100100
Convert -1 (base 4) to base 16.
-1
Convert -1354 (base 6) to base 10.
-358
0 (base 5) to base 16
0
Convert -433 (base 6) to base 10.
-165
Convert 0 (base 12) to base 4.
0
What is -99 (base 11) in base 8?
-154
What is -10100 (base 2) in base 16?
-14
40 (base 16) to base 11
59
What is -1 (base 14) in base 7?
-1
-2 (base 14) to base 12
-2
-1 (base 10) to base 13
-1
Convert 2 (base 14) to base 10.
2
What is 120 (base 10) in base 7?
231
What is 10 (base 2) in base 5?
2
Convert 48 (base 9) to base 6.
112
-111 (base 2) to base 5
-12
0 (base 7) to base 14
0
1 (base 16) to base 7
1
What is 11 (base 9) in base 4?
22
Convert 101 (base 9) to base 16.
52
Convert -15 (base 7) to base 14.
-c
What is -5 (base 8) in base 11?
-5
What is 15 (base 6) in base 13?
b
Convert -6 (base 12) to base 2.
-110
Convert 10001 (base 2) to base 10.
17
Convert 9a (base 12) to base 4.
1312
24 (base 8) to base 2
10100
What is -2 (base 8) in base 4?
-2
Convert 28 (base 14) to base 9.
40
What is 1000111 (base 2) in base 16?
47
What is 53 (base 14) in base 16?
49
What is 188 (base 14) in base 11?
268
What is 68 (base 10) in base 4?
1010
Convert -73 (base 16) to base 14.
-83
Convert -4 (base 12) to base 16.
-4
-70 (base 14) to base 8
-142
Convert -1 (base 16) to base 8.
-1
2 (base 3) to base 13
2
-3 (base 5) to base 2
-11
Convert 2 (base 10) to base 6.
2
101 (base 4) to base 16
11
Convert -122 (base 7) to base 12.
-55
What is 14 (base 13) in base 5?
32
What is -2 (base 12) in base 10?
-2
Convert 36 (base 15) to base 4.
303
106 (base 9) to base 10
87
18 (base 16) to base 4
120
What is -130 (base 5) in base 2?
-101000
Convert 15 (base 14) to base 4.
103
-3 (base 9) to base 2
-11
0 (base 4) to base 8
0
What is -4 (base 10) in base 4?
-10
-243 (base 7) to base 3
-11210
Convert 1 (base 8) to base 10.
1
-141 (base 15) to base 14
-166
213 (base 6) to base 5
311
Convert -bd (base 16) to base 15.
-c9
Convert -2122 (base 3) to base 12.
-5b
Convert 0 (base 13) to base 4.
0
-11 (base 9) to base 7
-13
-1b (base 12) to base 6
-35
-31 (base 13) to base 4
-220
100 (base 2) to base 11
4
What is 0 (base 16) in base 7?
0
What is 2 (base 8) in base 2?
10
What is -1 (base 13) in base 10?
-1
1b (base 14) to base 4
121
Convert 3 (base 4) to base 13.
3
Convert -12 (base 3) to base 6.
-5
What is -5 (base 11) in base 8?
-5
-8 (base 16) to base 15
-8
What is -39 (base 13) in base 6?
-120
Convert 91 (base 11) to base 7.
202
Convert